{"id":13,"date":"2024-05-04T11:06:21","date_gmt":"2024-05-04T09:06:21","guid":{"rendered":"http:\/\/wozkiczapski.pl\/?page_id=13"},"modified":"2024-10-16T19:15:27","modified_gmt":"2024-10-16T17:15:27","slug":"strona-glowna","status":"publish","type":"page","link":"https:\/\/wozkiczapski.pl\/","title":{"rendered":"Strona g\u0142\u00f3wna"},"content":{"rendered":"\n<div class=\"wp-block-cover alignfull\" style=\"min-height:700px;aspect-ratio:unset;\"><span aria-hidden=\"true\" class=\"wp-block-cover__background has-background-dim-0 has-background-dim\" style=\"background-color:#79685d\"><\/span><img loading=\"lazy\" decoding=\"async\" width=\"1200\" height=\"720\" class=\"wp-block-cover__image-background wp-image-102\" alt=\"\" src=\"https:\/\/wozkiczapski.pl\/wp-content\/uploads\/2024\/07\/Construction_training_group_course_Fork_Lift_Featured.jpg\" style=\"object-position:34% 6%\" data-object-fit=\"cover\" data-object-position=\"34% 6%\" srcset=\"https:\/\/wozkiczapski.pl\/wp-content\/uploads\/2024\/07\/Construction_training_group_course_Fork_Lift_Featured.jpg 1200w, https:\/\/wozkiczapski.pl\/wp-content\/uploads\/2024\/07\/Construction_training_group_course_Fork_Lift_Featured-300x180.jpg 300w, https:\/\/wozkiczapski.pl\/wp-content\/uploads\/2024\/07\/Construction_training_group_course_Fork_Lift_Featured-1024x614.jpg 1024w, https:\/\/wozkiczapski.pl\/wp-content\/uploads\/2024\/07\/Construction_training_group_course_Fork_Lift_Featured-768x461.jpg 768w, https:\/\/wozkiczapski.pl\/wp-content\/uploads\/2024\/07\/Construction_training_group_course_Fork_Lift_Featured-600x360.jpg 600w\" sizes=\"auto, (max-width: 1200px) 100vw, 1200px\" \/><div class=\"wp-block-cover__inner-container is-layout-flow wp-block-cover-is-layout-flow\">\n<div style=\"height:80px\" aria-hidden=\"true\" class=\"wp-block-spacer\"><\/div>\n\n\n\n<h1 class=\"wp-block-heading has-text-align-center has-text-color\" style=\"color:#ffffff\">Szkolenia kierowc\u00f3w w\u00f3zk\u00f3w wid\u0142owych<\/h1>\n\n\n\n<p class=\"has-text-align-center has-text-color\" style=\"color: #ffffff; font-size: 17px;\">Bogate do\u015bwiadczenie, elastyczne podej\u015bcie do ka\u017cdego kursanta<\/p>\n\n\n\n<div class=\"wp-block-buttons is-content-justification-center is-layout-flex wp-container-core-buttons-is-layout-16018d1d wp-block-buttons-is-layout-flex\">\n<div class=\"wp-block-button is-style-primary\"><a class=\"wp-block-button__link wp-element-button\" href=\"#\">WI\u0118CEJ<\/a><\/div>\n\n\n\n<div class=\"wp-block-button is-style-secondary\"><a class=\"wp-block-button__link wp-element-button\" href=\"https:\/\/demosites.io\/\" target=\"_blank\" rel=\"noreferrer noopener\">KONTAKT<\/a><\/div>\n<\/div>\n\n\n\n<div style=\"height:80px\" aria-hidden=\"true\" class=\"wp-block-spacer\"><\/div>\n\n\n\n<div style=\"height:80px\" aria-hidden=\"true\" class=\"wp-block-spacer\"><\/div>\n\n\n\n<p><\/p>\n<\/div><\/div>\n\n\n\n<div style=\"height:80px\" aria-hidden=\"true\" class=\"wp-block-spacer\"><\/div>\n\n\n\n<div class=\"wp-block-columns is-layout-flex wp-container-core-columns-is-layout-9d6595d7 wp-block-columns-is-layout-flex\">\n<div class=\"wp-block-column is-layout-flow wp-block-column-is-layout-flow\"><div class=\"wp-block-image is-resized icon-style is-style-default\">\n<figure class=\"aligncenter\"><img decoding=\"async\" src=\"https:\/\/wozkiczapski.pl\/wp-content\/themes\/neve\/assets\/img\/starter-content\/icon-03.svg\" alt=\"\"\/><\/figure>\n<\/div>\n\n\n<div style=\"height:20px\" aria-hidden=\"true\" class=\"wp-block-spacer\"><\/div>\n\n\n\n<h3 class=\"wp-block-heading has-text-align-center has-neve-text-color-color has-text-color\">Wysoka zdawalno\u015b\u0107<\/h3>\n\n\n\n<p class=\"has-text-align-center\">90% zdawalno\u015b\u0107 egzamin\u00f3w przed Urz\u0119dem Dozoru Technicznego <\/p>\n\n\n\n<div style=\"height:20px\" aria-hidden=\"true\" class=\"wp-block-spacer\"><\/div>\n<\/div>\n\n\n\n<div class=\"wp-block-column is-layout-flow wp-block-column-is-layout-flow\"><div class=\"wp-block-image is-resized icon-style is-style-default\">\n<figure class=\"aligncenter\"><img decoding=\"async\" src=\"https:\/\/wozkiczapski.pl\/wp-content\/themes\/neve\/assets\/img\/starter-content\/icon-02.svg\" alt=\"\"\/><\/figure>\n<\/div>\n\n\n<div style=\"height:20px\" aria-hidden=\"true\" class=\"wp-block-spacer\"><\/div>\n\n\n\n<h3 class=\"wp-block-heading has-text-align-center has-neve-text-color-color has-text-color\">Do\u015bwiadczenie<\/h3>\n\n\n\n<p class=\"has-text-align-center\">ponad 35 lat do\u015bwiadczenia w bran\u017cy w\u00f3zk\u00f3w wid\u0142owych<\/p>\n\n\n\n<div style=\"height:20px\" aria-hidden=\"true\" class=\"wp-block-spacer\"><\/div>\n<\/div>\n\n\n\n<div class=\"wp-block-column is-layout-flow wp-block-column-is-layout-flow\"><div class=\"wp-block-image is-resized icon-style is-style-rounded\">\n<figure class=\"aligncenter\"><img decoding=\"async\" src=\"https:\/\/wozkiczapski.pl\/wp-content\/themes\/neve\/assets\/img\/starter-content\/icon-01.svg\" alt=\"\"\/><\/figure>\n<\/div>\n\n\n<div style=\"height:20px\" aria-hidden=\"true\" class=\"wp-block-spacer\"><\/div>\n\n\n\n<h3 class=\"wp-block-heading has-text-align-center has-neve-text-color-color has-text-color\">Elastyczne podej\u015bcie<\/h3>\n\n\n\n<p class=\"has-text-align-center\">terminy i program szkolenia dopasowany do kandydata<\/p>\n\n\n\n<div style=\"height:20px\" aria-hidden=\"true\" class=\"wp-block-spacer\"><\/div>\n<\/div>\n<\/div>\n\n\n\n<div style=\"height:80px\" aria-hidden=\"true\" class=\"wp-block-spacer\"><\/div>\n\n\n\n<div class=\"wp-block-cover alignfull is-light\" style=\"min-height:600px;aspect-ratio:unset;\"><span aria-hidden=\"true\" class=\"wp-block-cover__background has-nv-light-bg-background-color has-background-dim-100 has-background-dim\"><\/span><div class=\"wp-block-cover__inner-container is-layout-flow wp-block-cover-is-layout-flow\">\n<div class=\"wp-block-group\"><div class=\"wp-block-group__inner-container is-layout-flow wp-block-group-is-layout-flow\">\n<div style=\"height:80px\" aria-hidden=\"true\" class=\"wp-block-spacer\"><\/div>\n\n\n\n<div class=\"wp-block-columns are-vertically-aligned-center is-layout-flex wp-container-core-columns-is-layout-9d6595d7 wp-block-columns-is-layout-flex\">\n<div class=\"wp-block-column is-vertically-aligned-center is-layout-flow wp-block-column-is-layout-flow\" style=\"flex-basis:50%\">\n<figure class=\"wp-block-image size-full\"><img loading=\"lazy\" decoding=\"async\" width=\"1080\" height=\"810\" src=\"https:\/\/wozkiczapski.pl\/wp-content\/uploads\/2024\/10\/czescifoto-edited.jpg\" alt=\"\" class=\"wp-image-113\" srcset=\"https:\/\/wozkiczapski.pl\/wp-content\/uploads\/2024\/10\/czescifoto-edited.jpg 1080w, https:\/\/wozkiczapski.pl\/wp-content\/uploads\/2024\/10\/czescifoto-edited-300x225.jpg 300w, https:\/\/wozkiczapski.pl\/wp-content\/uploads\/2024\/10\/czescifoto-edited-1024x768.jpg 1024w, https:\/\/wozkiczapski.pl\/wp-content\/uploads\/2024\/10\/czescifoto-edited-768x576.jpg 768w, https:\/\/wozkiczapski.pl\/wp-content\/uploads\/2024\/10\/czescifoto-edited-600x450.jpg 600w\" sizes=\"auto, (max-width: 1080px) 100vw, 1080px\" \/><\/figure>\n<\/div>\n\n\n\n<div class=\"wp-block-column is-vertically-aligned-center is-layout-flow wp-block-column-is-layout-flow\" style=\"flex-basis:50%\">\n<div style=\"height:20px\" aria-hidden=\"true\" class=\"wp-block-spacer\"><\/div>\n\n\n\n<h2 class=\"wp-block-heading has-text-align-left has-neve-text-color-color has-text-color\">Cz\u0119\u015bci zamienne<\/h2>\n\n\n\n<p class=\"has-text-align-left has-neve-text-color-color has-text-color\" style=\"font-size:17px\">Oferta cz\u0119\u015bci zamiennych do w\u00f3zk\u00f3w wid\u0142owych polskich i bu\u0142garskich<\/p>\n\n\n\n<div class=\"wp-block-buttons is-content-justification-left is-layout-flex wp-container-core-buttons-is-layout-fdcfc74e wp-block-buttons-is-layout-flex\">\n<div class=\"wp-block-button is-style-primary\"><a class=\"wp-block-button__link wp-element-button\" href=\"#\">WI\u0118CEJ<\/a><\/div>\n<\/div>\n<\/div>\n<\/div>\n\n\n\n<div style=\"height:40px\" aria-hidden=\"true\" class=\"wp-block-spacer\"><\/div>\n<\/div><\/div>\n<\/div><\/div>\n\n\n\n<div class=\"wp-block-cover alignfull is-light\" style=\"min-height:600px;aspect-ratio:unset;\"><span aria-hidden=\"true\" class=\"wp-block-cover__background has-nv-site-bg-background-color has-background-dim-100 has-background-dim\"><\/span><div class=\"wp-block-cover__inner-container is-layout-flow wp-block-cover-is-layout-flow\">\n<div class=\"wp-block-group\"><div class=\"wp-block-group__inner-container is-layout-flow wp-block-group-is-layout-flow\">\n<div style=\"height:80px\" aria-hidden=\"true\" class=\"wp-block-spacer\"><\/div>\n\n\n\n<div class=\"wp-block-columns are-vertically-aligned-center is-layout-flex wp-container-core-columns-is-layout-9d6595d7 wp-block-columns-is-layout-flex\">\n<div class=\"wp-block-column is-vertically-aligned-center is-layout-flow wp-block-column-is-layout-flow\" style=\"flex-basis:50%\">\n<h2 class=\"wp-block-heading has-text-align-left has-neve-text-color-color has-text-color\">Ogumienie przemys\u0142owe<\/h2>\n\n\n\n<p class=\"has-text-align-left has-neve-text-color-color has-text-color\" style=\"font-size:17px\">Oferujemy ogumienie pneumatyczne i superelastyczne do w\u00f3zk\u00f3w wid\u0142owych z mo\u017cliwo\u015bci\u0105 monta\u017cu na prasie hydraulicznej<\/p>\n\n\n\n<div class=\"wp-block-buttons is-content-justification-left is-layout-flex wp-container-core-buttons-is-layout-fdcfc74e wp-block-buttons-is-layout-flex\">\n<div class=\"wp-block-button is-style-primary\"><a class=\"wp-block-button__link wp-element-button\" href=\"#\">WI\u0118CEJ<\/a><\/div>\n<\/div>\n\n\n\n<div style=\"height:40px\" aria-hidden=\"true\" class=\"wp-block-spacer\"><\/div>\n<\/div>\n\n\n\n<div class=\"wp-block-column is-vertically-aligned-center is-layout-flow wp-block-column-is-layout-flow\" style=\"flex-basis:50%\">\n<figure class=\"wp-block-image size-large\"><img loading=\"lazy\" decoding=\"async\" width=\"1024\" height=\"576\" src=\"https:\/\/wozkiczapski.pl\/wp-content\/uploads\/2024\/07\/Forklift-Tyres-1024x575-1200x675-1-1024x576.jpg\" alt=\"\" class=\"wp-image-106\" srcset=\"https:\/\/wozkiczapski.pl\/wp-content\/uploads\/2024\/07\/Forklift-Tyres-1024x575-1200x675-1-1024x576.jpg 1024w, https:\/\/wozkiczapski.pl\/wp-content\/uploads\/2024\/07\/Forklift-Tyres-1024x575-1200x675-1-300x169.jpg 300w, https:\/\/wozkiczapski.pl\/wp-content\/uploads\/2024\/07\/Forklift-Tyres-1024x575-1200x675-1-768x432.jpg 768w, https:\/\/wozkiczapski.pl\/wp-content\/uploads\/2024\/07\/Forklift-Tyres-1024x575-1200x675-1-600x338.jpg 600w, https:\/\/wozkiczapski.pl\/wp-content\/uploads\/2024\/07\/Forklift-Tyres-1024x575-1200x675-1.jpg 1200w\" sizes=\"auto, (max-width: 1024px) 100vw, 1024px\" \/><\/figure>\n<\/div>\n<\/div>\n\n\n\n<div style=\"height:40px\" aria-hidden=\"true\" class=\"wp-block-spacer\"><\/div>\n<\/div><\/div>\n<\/div><\/div>\n\n\n\n<div class=\"wp-block-cover alignfull is-light\" style=\"min-height:600px;aspect-ratio:unset;\"><span aria-hidden=\"true\" class=\"wp-block-cover__background has-nv-dark-bg-background-color has-background-dim-100 has-background-dim\"><\/span><div class=\"wp-block-cover__inner-container is-layout-flow wp-block-cover-is-layout-flow\">\n<div class=\"wp-block-group\"><div class=\"wp-block-group__inner-container is-layout-flow wp-block-group-is-layout-flow\">\n<div style=\"height:80px\" aria-hidden=\"true\" class=\"wp-block-spacer\"><\/div>\n\n\n\n<div class=\"wp-block-columns are-vertically-aligned-center is-layout-flex wp-container-core-columns-is-layout-9d6595d7 wp-block-columns-is-layout-flex\">\n<div class=\"wp-block-column is-vertically-aligned-center is-layout-flow wp-block-column-is-layout-flow\" style=\"flex-basis:50%\">\n<figure class=\"wp-block-image size-large\"><img loading=\"lazy\" decoding=\"async\" width=\"1024\" height=\"768\" src=\"https:\/\/wozkiczapski.pl\/wp-content\/uploads\/2024\/07\/25935-1-scaled-1-1024x768.webp\" alt=\"\" class=\"wp-image-104\" srcset=\"https:\/\/wozkiczapski.pl\/wp-content\/uploads\/2024\/07\/25935-1-scaled-1-1024x768.webp 1024w, https:\/\/wozkiczapski.pl\/wp-content\/uploads\/2024\/07\/25935-1-scaled-1-300x225.webp 300w, https:\/\/wozkiczapski.pl\/wp-content\/uploads\/2024\/07\/25935-1-scaled-1-768x576.webp 768w, https:\/\/wozkiczapski.pl\/wp-content\/uploads\/2024\/07\/25935-1-scaled-1-1536x1152.webp 1536w, https:\/\/wozkiczapski.pl\/wp-content\/uploads\/2024\/07\/25935-1-scaled-1-2048x1536.webp 2048w, https:\/\/wozkiczapski.pl\/wp-content\/uploads\/2024\/07\/25935-1-scaled-1-600x450.webp 600w\" sizes=\"auto, (max-width: 1024px) 100vw, 1024px\" \/><\/figure>\n<\/div>\n\n\n\n<div class=\"wp-block-column is-vertically-aligned-center is-layout-flow wp-block-column-is-layout-flow\" style=\"flex-basis:50%\">\n<div style=\"height:40px\" aria-hidden=\"true\" class=\"wp-block-spacer\"><\/div>\n\n\n\n<h2 class=\"wp-block-heading has-text-align-left has-nv-text-dark-bg-color has-text-color\">Skup w\u00f3zk\u00f3w wid\u0142owych<\/h2>\n\n\n\n<p class=\"has-text-align-left has-nv-text-dark-bg-color has-text-color\" style=\"font-size:17px\">Oferujemy odkup w\u00f3zk\u00f3w wid\u0142owych pojedynczo i w pakietach<\/p>\n\n\n\n<div class=\"wp-block-buttons is-content-justification-left is-layout-flex wp-container-core-buttons-is-layout-fdcfc74e wp-block-buttons-is-layout-flex\">\n<div class=\"wp-block-button is-style-primary\"><a class=\"wp-block-button__link wp-element-button\" href=\"#\">WI\u0118CEJ<\/a><\/div>\n<\/div>\n<\/div>\n<\/div>\n\n\n\n<div style=\"height:40px\" aria-hidden=\"true\" class=\"wp-block-spacer\"><\/div>\n<\/div><\/div>\n<\/div><\/div>\n\n\n\n<div class=\"wp-block-cover alignfull is-light\" style=\"min-height:600px;aspect-ratio:unset;\"><span aria-hidden=\"true\" class=\"wp-block-cover__background has-nv-site-bg-background-color has-background-dim-100 has-background-dim\"><\/span><div class=\"wp-block-cover__inner-container is-layout-flow wp-block-cover-is-layout-flow\">\n<div class=\"wp-block-group\"><div class=\"wp-block-group__inner-container is-layout-flow wp-block-group-is-layout-flow\">\n<div style=\"height:80px\" aria-hidden=\"true\" class=\"wp-block-spacer\"><\/div>\n\n\n\n<div class=\"wp-block-columns are-vertically-aligned-center is-layout-flex wp-container-core-columns-is-layout-9d6595d7 wp-block-columns-is-layout-flex\">\n<div class=\"wp-block-column is-vertically-aligned-center is-layout-flow wp-block-column-is-layout-flow\" style=\"flex-basis:50%\">\n<h2 class=\"wp-block-heading has-text-align-left has-neve-text-color-color has-text-color\">Szkolenia operator\u00f3w<\/h2>\n\n\n\n<p class=\"has-text-align-left has-neve-text-color-color has-text-color\" style=\"font-size:17px\">Oferujemy szkolenia operator\u00f3w w\u00f3zk\u00f3w wid\u0142owych z egzaminem UDT oraz szkolenia operator\u00f3w w\u00f3zk\u00f3w unosz\u0105cych (tzw. paleciaki).<\/p>\n\n\n\n<div class=\"wp-block-buttons is-content-justification-left is-layout-flex wp-container-core-buttons-is-layout-fdcfc74e wp-block-buttons-is-layout-flex\">\n<div class=\"wp-block-button is-style-primary\"><a class=\"wp-block-button__link wp-element-button\" href=\"#\">WI\u0118CEJ<\/a><\/div>\n<\/div>\n\n\n\n<div style=\"height:40px\" aria-hidden=\"true\" class=\"wp-block-spacer\"><\/div>\n<\/div>\n\n\n\n<div class=\"wp-block-column is-vertically-aligned-center is-layout-flow wp-block-column-is-layout-flow\" style=\"flex-basis:50%\">\n<figure class=\"wp-block-image size-large\"><img loading=\"lazy\" decoding=\"async\" width=\"1024\" height=\"755\" src=\"https:\/\/wozkiczapski.pl\/wp-content\/uploads\/2024\/07\/yKEg2APQD5qD2gSBQDsR8EBAHPYmraNO1609952956-1024x755.jpg\" alt=\"\" class=\"wp-image-107\" srcset=\"https:\/\/wozkiczapski.pl\/wp-content\/uploads\/2024\/07\/yKEg2APQD5qD2gSBQDsR8EBAHPYmraNO1609952956-1024x755.jpg 1024w, https:\/\/wozkiczapski.pl\/wp-content\/uploads\/2024\/07\/yKEg2APQD5qD2gSBQDsR8EBAHPYmraNO1609952956-300x221.jpg 300w, https:\/\/wozkiczapski.pl\/wp-content\/uploads\/2024\/07\/yKEg2APQD5qD2gSBQDsR8EBAHPYmraNO1609952956-768x567.jpg 768w, https:\/\/wozkiczapski.pl\/wp-content\/uploads\/2024\/07\/yKEg2APQD5qD2gSBQDsR8EBAHPYmraNO1609952956-600x443.jpg 600w, https:\/\/wozkiczapski.pl\/wp-content\/uploads\/2024\/07\/yKEg2APQD5qD2gSBQDsR8EBAHPYmraNO1609952956.jpg 1407w\" sizes=\"auto, (max-width: 1024px) 100vw, 1024px\" \/><\/figure>\n<\/div>\n<\/div>\n\n\n\n<div style=\"height:40px\" aria-hidden=\"true\" class=\"wp-block-spacer\"><\/div>\n<\/div><\/div>\n<\/div><\/div>\n\n\n\n<div style=\"height:40px\" aria-hidden=\"true\" class=\"wp-block-spacer\"><\/div>\n\n\n\n<div class=\"wp-block-cover alignfull is-light\" style=\"min-height:300px;aspect-ratio:unset;\"><span aria-hidden=\"true\" class=\"wp-block-cover__background has-nv-dark-bg-background-color has-background-dim-100 has-background-dim\"><\/span><div class=\"wp-block-cover__inner-container is-layout-flow wp-block-cover-is-layout-flow\">\n<p class=\"has-text-align-center has-large-font-size\"><\/p>\n<\/div><\/div>\n","protected":false},"excerpt":{"rendered":"<p>Wysoka zdawalno\u015b\u0107 90% zdawalno\u015b\u0107 egzamin\u00f3w przed Urz\u0119dem Dozoru Technicznego Do\u015bwiadczenie ponad 35 lat do\u015bwiadczenia w bran\u017cy w\u00f3zk\u00f3w wid\u0142owych Elastyczne podej\u015bcie terminy i program szkolenia dopasowany do kandydata<\/p>\n","protected":false},"author":1,"featured_media":0,"parent":0,"menu_order":0,"comment_status":"closed","ping_status":"closed","template":"","meta":{"neve_meta_sidebar":"","neve_meta_container":"","neve_meta_enable_content_width":"on","neve_meta_content_width":100,"neve_meta_title_alignment":"","neve_meta_author_avatar":"","neve_post_elements_order":"","neve_meta_disable_header":"","neve_meta_disable_footer":"","neve_meta_disable_title":"on","_ti_tpc_template_sync":false,"_ti_tpc_template_id":"","footnotes":""},"class_list":["post-13","page","type-page","status-publish","hentry"],"jetpack_sharing_enabled":true,"_links":{"self":[{"href":"https:\/\/wozkiczapski.pl\/index.php?rest_route=\/wp\/v2\/pages\/13","targetHints":{"allow":["GET"]}}],"collection":[{"href":"https:\/\/wozkiczapski.pl\/index.php?rest_route=\/wp\/v2\/pages"}],"about":[{"href":"https:\/\/wozkiczapski.pl\/index.php?rest_route=\/wp\/v2\/types\/page"}],"author":[{"embeddable":true,"href":"https:\/\/wozkiczapski.pl\/index.php?rest_route=\/wp\/v2\/users\/1"}],"replies":[{"embeddable":true,"href":"https:\/\/wozkiczapski.pl\/index.php?rest_route=%2Fwp%2Fv2%2Fcomments&post=13"}],"version-history":[{"count":7,"href":"https:\/\/wozkiczapski.pl\/index.php?rest_route=\/wp\/v2\/pages\/13\/revisions"}],"predecessor-version":[{"id":114,"href":"https:\/\/wozkiczapski.pl\/index.php?rest_route=\/wp\/v2\/pages\/13\/revisions\/114"}],"wp:attachment":[{"href":"https:\/\/wozkiczapski.pl\/index.php?rest_route=%2Fwp%2Fv2%2Fmedia&parent=13"}],"curies":[{"name":"wp","href":"https:\/\/api.w.org\/{rel}","templated":true}]}}